{"id":1061,"date":"2018-03-06T10:59:19","date_gmt":"2018-03-06T09:59:19","guid":{"rendered":"http:\/\/dev.groupe-tommasini.com\/construction\/?page_id=1061"},"modified":"2021-02-15T11:09:05","modified_gmt":"2021-02-15T10:09:05","slug":"voiles-betons-matrices","status":"publish","type":"page","link":"https:\/\/dev.groupe-tommasini.com\/construction\/gros-oeuvre-et-entreprise-generale\/voiles-betons-matrices\/","title":{"rendered":"B\u00e9tons architectoniques"},"content":{"rendered":"<p>[vc_row][vc_column width=\u00a0\u00bb1\/2&Prime;][vc_single_image image=\u00a0\u00bb1057&Prime; img_size=\u00a0\u00bbfull\u00a0\u00bb onclick=\u00a0\u00bblink_image\u00a0\u00bb title=\u00a0\u00bbB\u00e9tons brut apparents et B\u00e9tons Architectoniques\u00a0\u00bb][\/vc_column][vc_column width=\u00a0\u00bb1\/2&Prime;][vc_column_text]<strong><u>Salle des f\u00eates \u00ab\u00a0espace festif\u00a0\u00bb<br \/>\n<\/u><\/strong><strong><u>de Rouvignies<\/u><\/strong><\/p>\n<p><b>Gros oeuvre<\/b> pour un montant de 975 000 Euros<\/p>\n<p>Ma\u00eetrise d&rsquo;ouvrage : Ville de Rouvignies<br \/>\nMa\u00eetrise d&rsquo;\u0153uvre : DSA Damien SURROCA[\/vc_column_text][\/vc_column][\/vc_row][vc_row][vc_column width=\u00a0\u00bb1\/2&Prime;][vc_single_image image=\u00a0\u00bb940&Prime; img_size=\u00a0\u00bbfull\u00a0\u00bb alignment=\u00a0\u00bbcenter\u00a0\u00bb onclick=\u00a0\u00bblink_image\u00a0\u00bb][\/vc_column][vc_column width=\u00a0\u00bb1\/2&Prime;][vc_column_text]<u><b>Construction du mus\u00e9e d\u00e9partemental du Verre<\/b><\/u><\/p>\n<p><b>Gros oeuvre \u00e9tendu<\/b> pour un montant de 3,5 M\u20ac<\/p>\n<p>Ma\u00eetrise d&rsquo;ouvrage : D\u00e9partement du Nord<br \/>\nMa\u00eetrise d&rsquo;\u0153uvre : W-Architectures[\/vc_column_text][\/vc_column][\/vc_row][vc_row][vc_column width=\u00a0\u00bb1\/2&Prime;][vc_single_image image=\u00a0\u00bb971&Prime; img_size=\u00a0\u00bbfull\u00a0\u00bb alignment=\u00a0\u00bbcenter\u00a0\u00bb onclick=\u00a0\u00bblink_image\u00a0\u00bb][\/vc_column][vc_column width=\u00a0\u00bb1\/2&Prime;][vc_column_text]<strong><u>P\u00f4le Culturel Salvadore ALLENDE<br \/>\n<\/u><\/strong><strong><u>\u00e0 Mons-en-Baroeul<\/u><\/strong><\/p>\n<p><b>Gros oeuvre \u00e9tendu<\/b> pour un montant de 2,5 M\u20ac<\/p>\n<p>Ma\u00eetrise d&rsquo;ouvrage : Ville de Mons-en-Baroeul<br \/>\nMa\u00eetrise d&rsquo;\u0153uvre : D. Coulon\u00a0\/ D. Surroca[\/vc_column_text][\/vc_column][\/vc_row][vc_row][vc_column width=\u00a0\u00bb1\/2&Prime;][vc_single_image image=\u00a0\u00bb439&Prime; img_size=\u00a0\u00bbfull\u00a0\u00bb alignment=\u00a0\u00bbcenter\u00a0\u00bb][\/vc_column][vc_column width=\u00a0\u00bb1\/2&Prime;][vc_column_text]<u><b>Restaurant Universitaire C.R.O.U.S. \u00e0 Lille <\/b><\/u><\/p>\n<p><b>Gros oeuvre \u00e9tendu<\/b> pour un montant de 1,7 M\u20ac<\/p>\n<p>Ma\u00eetrise d&rsquo;ouvrage : Rectorat de Lille<br \/>\nMa\u00eetrise d&rsquo;\u0153uvre : CARRE D&rsquo;A ARCHITECTE[\/vc_column_text][\/vc_column][\/vc_row][vc_row][vc_column width=\u00a0\u00bb1\/2&Prime;][vc_single_image image=\u00a0\u00bb440&Prime; img_size=\u00a0\u00bbfull\u00a0\u00bb onclick=\u00a0\u00bblink_image\u00a0\u00bb title=\u00a0\u00bbVoiles b\u00e9tons matric\u00e9s\u00a0\u00bb][\/vc_column][vc_column width=\u00a0\u00bb1\/2&Prime;][vc_column_text]<u><b>Extension et modernisation du<br \/>\nMus\u00e9e d&rsquo;Art Moderne Lille m\u00e9tropole<br \/>\nVilleneuve d&rsquo;Ascq<\/b><\/u><\/p>\n<p><b>Gros oeuvre \u00e9tendu <\/b>pour un montant de 7 M\u20ac<\/p>\n<p>Ma\u00eetrise d&rsquo;ouvrage : Communaut\u00e9 Urbaine de Lille<br \/>\nMa\u00eetrise d&rsquo;\u0153uvre : Manuelle GAUTRAND[\/vc_column_text][\/vc_column][\/vc_row][vc_row][vc_column width=\u00a0\u00bb1\/2&Prime;][vc_single_image image=\u00a0\u00bb438&Prime; img_size=\u00a0\u00bbfull\u00a0\u00bb onclick=\u00a0\u00bblink_image\u00a0\u00bb title=\u00a0\u00bbVoiles b\u00e9tons matric\u00e9s\u00a0\u00bb][\/vc_column][vc_column width=\u00a0\u00bb1\/2&Prime;][vc_column_text]<u><b>Coll\u00e8ge de Wazemmes \u00e0 Lille <\/b><\/u><\/p>\n<p><b>Gros oeuvre \u00e9tendu<\/b> pour un montant de 12,2 M\u20ac<\/p>\n<p>Ma\u00eetrise d&rsquo;ouvrage : D\u00e9partement du Nord<br \/>\nMa\u00eetrise d&rsquo;\u0153uvre : Jer\u00f4me De Alzua \u00e0 Lille<\/p>\n<p><b>Construction d&rsquo;un coll\u00e8ge en milieu urbain tr\u00e8s dense.<\/b><\/p>\n<p>Chantier HQE certifi\u00e9 par audit<br \/>\npar le SOMMER ENVIRONNEMENT (Paris)[\/vc_column_text][\/vc_column][\/vc_row]<\/p>\n","protected":false},"excerpt":{"rendered":"<p>[vc_row][vc_column width=\u00a0\u00bb1\/2&Prime;][vc_single_image image=\u00a0\u00bb1057&Prime; img_size=\u00a0\u00bbfull\u00a0\u00bb onclick=\u00a0\u00bblink_image\u00a0\u00bb title=\u00a0\u00bbB\u00e9tons brut apparents et B\u00e9tons Architectoniques\u00a0\u00bb][\/vc_column][vc_column width=\u00a0\u00bb1\/2&Prime;][vc_column_text]Salle des f\u00eates \u00ab\u00a0espace festif\u00a0\u00bb de Rouvignies Gros oeuvre pour &#8230;<\/p>\n","protected":false},"author":1,"featured_media":869,"parent":9,"menu_order":0,"comment_status":"closed","ping_status":"closed","template":"","meta":{"footnotes":""},"_links":{"self":[{"href":"https:\/\/dev.groupe-tommasini.com\/construction\/wp-json\/wp\/v2\/pages\/1061"}],"collection":[{"href":"https:\/\/dev.groupe-tommasini.com\/construction\/wp-json\/wp\/v2\/pages"}],"about":[{"href":"https:\/\/dev.groupe-tommasini.com\/construction\/wp-json\/wp\/v2\/types\/page"}],"author":[{"embeddable":true,"href":"https:\/\/dev.groupe-tommasini.com\/construction\/wp-json\/wp\/v2\/users\/1"}],"replies":[{"embeddable":true,"href":"https:\/\/dev.groupe-tommasini.com\/construction\/wp-json\/wp\/v2\/comments?post=1061"}],"version-history":[{"count":16,"href":"https:\/\/dev.groupe-tommasini.com\/construction\/wp-json\/wp\/v2\/pages\/1061\/revisions"}],"predecessor-version":[{"id":1315,"href":"https:\/\/dev.groupe-tommasini.com\/construction\/wp-json\/wp\/v2\/pages\/1061\/revisions\/1315"}],"up":[{"embeddable":true,"href":"https:\/\/dev.groupe-tommasini.com\/construction\/wp-json\/wp\/v2\/pages\/9"}],"wp:featuredmedia":[{"embeddable":true,"href":"https:\/\/dev.groupe-tommasini.com\/construction\/wp-json\/wp\/v2\/media\/869"}],"wp:attachment":[{"href":"https:\/\/dev.groupe-tommasini.com\/construction\/wp-json\/wp\/v2\/media?parent=1061"}],"curies":[{"name":"wp","href":"https:\/\/api.w.org\/{rel}","templated":true}]}}