{"id":133,"date":"2015-12-23T15:13:01","date_gmt":"2015-12-23T14:13:01","guid":{"rendered":"http:\/\/tommasini.microproxy.fr\/construction\/?page_id=133"},"modified":"2021-02-15T17:04:12","modified_gmt":"2021-02-15T16:04:12","slug":"autres","status":"publish","type":"page","link":"https:\/\/dev.groupe-tommasini.com\/construction\/gros-oeuvre-et-entreprise-generale\/autres\/","title":{"rendered":"Mus\u00e9es"},"content":{"rendered":"<p>[vc_row][vc_column width=\u00a0\u00bb1\/2&Prime;][vc_single_image image=\u00a0\u00bb940&Prime; img_size=\u00a0\u00bbfull\u00a0\u00bb onclick=\u00a0\u00bblink_image\u00a0\u00bb][\/vc_column][vc_column width=\u00a0\u00bb1\/2&Prime;][vc_column_text]<\/p>\n<p style=\"text-align: center;\"><u><b><span style=\"font-family: Arial, Helvetica, sans-serif; font-size: small;\">Construction du mus\u00e9e d\u00e9partemental du Verre<\/span><\/b><\/u><\/p>\n<p style=\"text-align: center;\"><b>Gros oeuvre \u00e9tendu<\/b> pour un montant de 3,5 M\u20ac<\/p>\n<p style=\"text-align: center;\"><span style=\"font-family: Arial, Helvetica, sans-serif; font-size: small;\">Ma\u00eetrise d&rsquo;ouvrage : D\u00e9partement du Nord<br \/>\nMa\u00eetrise d&rsquo;\u0153uvre : W-Architectures<\/span><\/p>\n<p>[\/vc_column_text][\/vc_column][\/vc_row][vc_row][vc_column width=\u00a0\u00bb1\/3&Prime;][vc_single_image image=\u00a0\u00bb958&Prime; img_size=\u00a0\u00bbfull\u00a0\u00bb onclick=\u00a0\u00bblink_image\u00a0\u00bb][\/vc_column][vc_column width=\u00a0\u00bb1\/3&Prime;][vc_single_image image=\u00a0\u00bb956&Prime; img_size=\u00a0\u00bbfull\u00a0\u00bb onclick=\u00a0\u00bblink_image\u00a0\u00bb][\/vc_column][vc_column width=\u00a0\u00bb1\/3&Prime;][vc_single_image image=\u00a0\u00bb954&Prime; img_size=\u00a0\u00bbfull\u00a0\u00bb onclick=\u00a0\u00bblink_image\u00a0\u00bb][\/vc_column][\/vc_row][vc_row][vc_column width=\u00a0\u00bb1\/2&Prime;][vc_single_image image=\u00a0\u00bb755&Prime; img_size=\u00a0\u00bbfull\u00a0\u00bb onclick=\u00a0\u00bblink_image\u00a0\u00bb][\/vc_column][vc_column width=\u00a0\u00bb1\/2&Prime;][vc_column_text]<u><b><span style=\"font-family: Arial, Helvetica, sans-serif; font-size: small;\">Construction du mus\u00e9e de la bataille de Fromelles <\/span><\/b><\/u><br \/>\n<span style=\"font-family: Arial, Helvetica, sans-serif; font-size: small;\"><b>520 m2 &#8211; B\u00e2timent semi enterr\u00e9 en b\u00e9ton<\/b><\/span><\/p>\n<p><b>Gros oeuvre \u00e9tendu<\/b> pour un montant de 1 M\u20ac<\/p>\n<p><span style=\"font-family: Arial, Helvetica, sans-serif; font-size: small;\">Ma\u00eetrise d&rsquo;ouvrage : Communaut\u00e9 Urbaine des Weppes<br \/>\nMa\u00eetrise d&rsquo;\u0153uvre : SERERO Architectes<\/span>[\/vc_column_text][\/vc_column][\/vc_row][vc_row][vc_column width=\u00a0\u00bb1\/2&Prime;][vc_single_image image=\u00a0\u00bb318&Prime; img_size=\u00a0\u00bbfull\u00a0\u00bb onclick=\u00a0\u00bblink_image\u00a0\u00bb][\/vc_column][vc_column width=\u00a0\u00bb1\/2&Prime;][vc_column_text]<u><b><span style=\"font-family: Arial, Helvetica, sans-serif; font-size: small;\">Extension et modernisation du<br \/>\nMus\u00e9e d&rsquo;Art Moderne Lille m\u00e9tropole<br \/>\nVilleneuve d&rsquo;Ascq<\/span><\/b><\/u><\/p>\n<p><b>Gros oeuvre \u00e9tendu<\/b> pour un montant de 7 M\u20ac<\/p>\n<p><span style=\"font-family: Arial, Helvetica, sans-serif; font-size: small;\">Ma\u00eetrise d&rsquo;ouvrage : Communaut\u00e9 Urbaine de Lille<br \/>\nMa\u00eetrise d&rsquo;\u0153uvre : Manuelle GAUTRAND<\/span><\/p>\n<p>[\/vc_column_text][\/vc_column][\/vc_row][vc_row][vc_column width=\u00a0\u00bb1\/2&Prime;][vc_single_image image=\u00a0\u00bb317&Prime; img_size=\u00a0\u00bbfull\u00a0\u00bb onclick=\u00a0\u00bblink_image\u00a0\u00bb][\/vc_column][vc_column width=\u00a0\u00bb1\/2&Prime;][vc_column_text]<u><b><span style=\"font-family: Arial, Helvetica, sans-serif; font-size: small;\">Mus\u00e9e Matisse \u00e0 Le Cateau<br \/>\nR\u00e9am\u00e9nagements et r\u00e9habilitation des b\u00e2timents<br \/>\nexistants, construction de b\u00e2timents neufs.<\/span><\/b><\/u><\/p>\n<p><b>Gros oeuvre \u00e9tendu<\/b> en groupement pour un montant de 5,5 M\u20ac<\/p>\n<p><span style=\"font-family: Arial, Helvetica, sans-serif; font-size: small;\">Ma\u00eetrise d&rsquo;ouvrage : D\u00e9partement du Nord<br \/>\nMa\u00eetrise d&rsquo;\u0153uvre : Cabinet Bauduin<\/span><\/p>\n<p>[\/vc_column_text][\/vc_column][\/vc_row]<\/p>\n","protected":false},"excerpt":{"rendered":"<p>[vc_row][vc_column width=\u00a0\u00bb1\/2&Prime;][vc_single_image image=\u00a0\u00bb940&Prime; img_size=\u00a0\u00bbfull\u00a0\u00bb onclick=\u00a0\u00bblink_image\u00a0\u00bb][\/vc_column][vc_column width=\u00a0\u00bb1\/2&Prime;][vc_column_text] Construction du mus\u00e9e d\u00e9partemental du Verre Gros oeuvre \u00e9tendu pour un montant de 3,5 M\u20ac &#8230;<\/p>\n","protected":false},"author":1,"featured_media":869,"parent":9,"menu_order":0,"comment_status":"closed","ping_status":"closed","template":"","meta":{"footnotes":""},"_links":{"self":[{"href":"https:\/\/dev.groupe-tommasini.com\/construction\/wp-json\/wp\/v2\/pages\/133"}],"collection":[{"href":"https:\/\/dev.groupe-tommasini.com\/construction\/wp-json\/wp\/v2\/pages"}],"about":[{"href":"https:\/\/dev.groupe-tommasini.com\/construction\/wp-json\/wp\/v2\/types\/page"}],"author":[{"embeddable":true,"href":"https:\/\/dev.groupe-tommasini.com\/construction\/wp-json\/wp\/v2\/users\/1"}],"replies":[{"embeddable":true,"href":"https:\/\/dev.groupe-tommasini.com\/construction\/wp-json\/wp\/v2\/comments?post=133"}],"version-history":[{"count":23,"href":"https:\/\/dev.groupe-tommasini.com\/construction\/wp-json\/wp\/v2\/pages\/133\/revisions"}],"predecessor-version":[{"id":1320,"href":"https:\/\/dev.groupe-tommasini.com\/construction\/wp-json\/wp\/v2\/pages\/133\/revisions\/1320"}],"up":[{"embeddable":true,"href":"https:\/\/dev.groupe-tommasini.com\/construction\/wp-json\/wp\/v2\/pages\/9"}],"wp:featuredmedia":[{"embeddable":true,"href":"https:\/\/dev.groupe-tommasini.com\/construction\/wp-json\/wp\/v2\/media\/869"}],"wp:attachment":[{"href":"https:\/\/dev.groupe-tommasini.com\/construction\/wp-json\/wp\/v2\/media?parent=133"}],"curies":[{"name":"wp","href":"https:\/\/api.w.org\/{rel}","templated":true}]}}