{"id":216,"date":"2015-12-24T13:50:13","date_gmt":"2015-12-24T12:50:13","guid":{"rendered":"http:\/\/tommasini.microproxy.fr\/construction\/?page_id=216"},"modified":"2016-05-13T12:56:21","modified_gmt":"2016-05-13T11:56:21","slug":"panneaux","status":"publish","type":"page","link":"https:\/\/dev.groupe-tommasini.com\/construction\/bardage\/panneaux\/","title":{"rendered":"Panneaux"},"content":{"rendered":"<p>[vc_row][vc_column][vc_column_text]Tommasini Construction dispose au sein de ses \u00e9quipes, de comp\u00e9tences en Ma\u00e7onnerie et Bardage, ce qui lui permet de r\u00e9aliser en interne l&rsquo;ensemble des ouvrages d&rsquo;une fa\u00e7ade, et ainsi accroitre la qualit\u00e9 de r\u00e9alisation, optimiser les d\u00e9lais de livraison, et \u00e9viter les probl\u00e9matiques d&rsquo;interface entre les lots Gros-\u0152uvre et Bardage.<\/p>\n<p>Les chantiers pr\u00e9sent\u00e9s ci-dessous sont des exemples probants de cette singularit\u00e9.[\/vc_column_text][\/vc_column][\/vc_row][vc_row][vc_column][vc_separator][\/vc_column][\/vc_row][vc_row][vc_column][vc_column_text]<u><b><span style=\"font-family: Arial, Helvetica, sans-serif; font-size: small;\">129 logements, Quartier Sainte-H\u00e9l\u00e8ne<\/span><\/b><\/u><br \/>\n<b><span style=\"font-family: Arial, Helvetica, sans-serif; font-size: small;\">SAINT-ANDRE<\/span><\/b><br \/>\n<span style=\"font-family: Arial, Helvetica, sans-serif; font-size: small;\">Ma\u00eetrise d&rsquo;ouvrage : DUBOIS PROMOTION<br \/>\nMa\u00eetrise d&rsquo;\u0153uvre : B.M.G. Architectes<\/span><\/p>\n<p>Bardage en panneaux NATURALIS et bardage ajour\u00e9 horizontal en Carrelets 45 x 45 RED CEDAR,<br \/>\nle tout sur ossature rainur\u00e9e m\u00e9tallique[\/vc_column_text][\/vc_column][\/vc_row][vc_row][vc_column width=\u00a0\u00bb1\/2&Prime;][vc_single_image image=\u00a0\u00bb803&Prime; img_size=\u00a0\u00bbfull\u00a0\u00bb alignment=\u00a0\u00bbright\u00a0\u00bb onclick=\u00a0\u00bblink_image\u00a0\u00bb][\/vc_column][vc_column width=\u00a0\u00bb1\/2&Prime;][vc_single_image image=\u00a0\u00bb331&Prime; img_size=\u00a0\u00bbfull\u00a0\u00bb onclick=\u00a0\u00bblink_image\u00a0\u00bb][\/vc_column][\/vc_row][vc_row][vc_column][vc_separator][\/vc_column][\/vc_row][vc_row][vc_column][vc_column_text]<u><b><span style=\"font-family: Arial, Helvetica, sans-serif; font-size: small;\">Reconstruction de la maison de retraite, \u00ab\u00a0Les sept Fontaines\u00a0\u00bb<\/span><\/b><\/u><br \/>\n<b><span style=\"font-family: Arial, Helvetica, sans-serif; font-size: small;\">STEENVOORDE<br \/>\n<\/span><\/b><span style=\"font-family: Arial, Helvetica, sans-serif; font-size: small;\">Ma\u00eetrise d&rsquo;ouvrage : R\u00e9sidence des sept Fontaines<br \/>\nMa\u00eetrise d&rsquo;\u0153uvre : Agence FORM@<\/span><\/p>\n<p>R\u00e9alisation en travaux propres de l&rsquo;ensemble des v\u00eatures de fa\u00e7ades<br \/>\n&#8211; Brique cliv\u00e9e MBI et Picarde BDN en parement sur isolation par l&rsquo;ext\u00e9rieur en laine de roche<br \/>\n&#8211; Bardage isol\u00e9 Trespa en diff\u00e9rents types de pose :<br \/>\n&#8211; TS 150 sur ossature bois (fixation apparente)<br \/>\n&#8211; TS 200 sur ossature aluminium (fixation cach\u00e9e)<br \/>\n&#8211; TS 300 sur ossature aluminium (fixation cach\u00e9e avec rainure languette dans Les panneaux)<br \/>\n&#8211; TS 150 sur ossature bois en sous-face<\/p>\n<p>March\u00e9 initial \u00a0\u00bb CLOS et COUVERT, compris bardage, serrurerie, charpente bois<br \/>\nD\u00e9lais de r\u00e9alisation : 21 mois TCE Bardage 1250m\u00b2 Brique 1300m\u00b2[\/vc_column_text][\/vc_column][\/vc_row][vc_row][vc_column][vc_separator][\/vc_column][\/vc_row]<\/p>\n","protected":false},"excerpt":{"rendered":"<p>[vc_row][vc_column][vc_column_text]Tommasini Construction dispose au sein de ses \u00e9quipes, de comp\u00e9tences en Ma\u00e7onnerie et Bardage, ce qui lui permet de r\u00e9aliser en &#8230;<\/p>\n","protected":false},"author":1,"featured_media":871,"parent":15,"menu_order":0,"comment_status":"closed","ping_status":"closed","template":"","meta":{"footnotes":""},"_links":{"self":[{"href":"https:\/\/dev.groupe-tommasini.com\/construction\/wp-json\/wp\/v2\/pages\/216"}],"collection":[{"href":"https:\/\/dev.groupe-tommasini.com\/construction\/wp-json\/wp\/v2\/pages"}],"about":[{"href":"https:\/\/dev.groupe-tommasini.com\/construction\/wp-json\/wp\/v2\/types\/page"}],"author":[{"embeddable":true,"href":"https:\/\/dev.groupe-tommasini.com\/construction\/wp-json\/wp\/v2\/users\/1"}],"replies":[{"embeddable":true,"href":"https:\/\/dev.groupe-tommasini.com\/construction\/wp-json\/wp\/v2\/comments?post=216"}],"version-history":[{"count":12,"href":"https:\/\/dev.groupe-tommasini.com\/construction\/wp-json\/wp\/v2\/pages\/216\/revisions"}],"predecessor-version":[{"id":894,"href":"https:\/\/dev.groupe-tommasini.com\/construction\/wp-json\/wp\/v2\/pages\/216\/revisions\/894"}],"up":[{"embeddable":true,"href":"https:\/\/dev.groupe-tommasini.com\/construction\/wp-json\/wp\/v2\/pages\/15"}],"wp:featuredmedia":[{"embeddable":true,"href":"https:\/\/dev.groupe-tommasini.com\/construction\/wp-json\/wp\/v2\/media\/871"}],"wp:attachment":[{"href":"https:\/\/dev.groupe-tommasini.com\/construction\/wp-json\/wp\/v2\/media?parent=216"}],"curies":[{"name":"wp","href":"https:\/\/api.w.org\/{rel}","templated":true}]}}