{"id":5,"date":"2015-12-18T10:57:49","date_gmt":"2015-12-18T09:57:49","guid":{"rendered":"http:\/\/tommasini.microproxy.fr\/construction\/?page_id=5"},"modified":"2022-10-10T14:08:17","modified_gmt":"2022-10-10T13:08:17","slug":"accueil","status":"publish","type":"page","link":"https:\/\/dev.groupe-tommasini.com\/construction\/","title":{"rendered":"Accueil"},"content":{"rendered":"<p>[vc_row row_type=\u00a0\u00bbrow_fullwidth_content\u00a0\u00bb][vc_column]\n\t\t\t<!-- START Accueil construction REVOLUTION SLIDER 6.5.17 --><p class=\"rs-p-wp-fix\"><\/p>\n\t\t\t<rs-module-wrap id=\"rev_slider_1_1_wrapper\" data-source=\"gallery\" style=\"visibility:hidden;background:transparent;padding:0;margin:0px auto;margin-top:0;margin-bottom:0;\">\n\t\t\t\t<rs-module id=\"rev_slider_1_1\" style=\"\" data-version=\"6.5.17\">\n\t\t\t\t\t<rs-slides>\n\t\t\t\t\t\t<rs-slide style=\"position: absolute;\" data-key=\"rs-21\" data-title=\"Slide\" data-anim=\"ms:600;\" data-in=\"o:0;\" data-out=\"a:false;\">\n\t\t\t\t\t\t\t<img decoding=\"async\" src=\"\/\/dev.groupe-tommasini.com\/construction\/wp-content\/plugins\/revslider\/public\/assets\/assets\/dummy.png\" alt=\"\" title=\"Accueil\" class=\"rev-slidebg tp-rs-img rs-lazyload\" data-lazyload=\"\/\/dev.groupe-tommasini.com\/construction\/wp-content\/uploads\/sites\/2\/2015\/12\/Mus\u00e9e-du-Verre-Sars-Poteries-1.jpg\" data-no-retina>\n<!---->\t\t\t\t\t\t<\/rs-slide>\n\t\t\t\t\t\t<rs-slide style=\"position: absolute;\" data-key=\"rs-22\" data-title=\"Slide\" data-in=\"o:0;\" data-out=\"a:false;\">\n\t\t\t\t\t\t\t<img decoding=\"async\" src=\"\/\/dev.groupe-tommasini.com\/construction\/wp-content\/plugins\/revslider\/public\/assets\/assets\/dummy.png\" alt=\"\" title=\"Accueil\" class=\"rev-slidebg tp-rs-img rs-lazyload\" data-lazyload=\"\/\/dev.groupe-tommasini.com\/construction\/wp-content\/uploads\/sites\/2\/2017\/07\/51-logements-carr\u00e9-des-arts-Valenciennes-1.jpg\" data-no-retina>\n<!---->\t\t\t\t\t\t<\/rs-slide>\n\t\t\t\t\t\t<rs-slide style=\"position: absolute;\" data-key=\"rs-5\" data-title=\"Slide\" data-anim=\"ms:600;\" data-in=\"o:0;\" data-out=\"a:false;\">\n\t\t\t\t\t\t\t<img decoding=\"async\" src=\"\/\/dev.groupe-tommasini.com\/construction\/wp-content\/plugins\/revslider\/public\/assets\/assets\/dummy.png\" alt=\"\" title=\"Accueil\" class=\"rev-slidebg tp-rs-img rs-lazyload\" data-lazyload=\"\/\/dev.groupe-tommasini.com\/construction\/wp-content\/uploads\/sites\/2\/2015\/12\/DSC03527.jpg\" data-no-retina>\n<!---->\t\t\t\t\t\t<\/rs-slide>\n\t\t\t\t\t\t<rs-slide style=\"position: absolute;\" data-key=\"rs-19\" data-title=\"Slide\" data-anim=\"ms:600;\" data-in=\"o:0;\" data-out=\"a:false;\">\n\t\t\t\t\t\t\t<img decoding=\"async\" src=\"\/\/dev.groupe-tommasini.com\/construction\/wp-content\/plugins\/revslider\/public\/assets\/assets\/dummy.png\" alt=\"\" title=\"Accueil\" class=\"rev-slidebg tp-rs-img rs-lazyload\" data-lazyload=\"\/\/dev.groupe-tommasini.com\/construction\/wp-content\/uploads\/sites\/2\/2016\/04\/CTA-Villeneuve-dAscq.jpg\" data-no-retina>\n<!---->\t\t\t\t\t\t<\/rs-slide>\n\t\t\t\t\t\t<rs-slide style=\"position: absolute;\" data-key=\"rs-9\" data-title=\"Slide\" data-anim=\"ms:600;\" data-in=\"o:0;\" data-out=\"a:false;\">\n\t\t\t\t\t\t\t<img decoding=\"async\" src=\"\/\/dev.groupe-tommasini.com\/construction\/wp-content\/plugins\/revslider\/public\/assets\/assets\/dummy.png\" alt=\"\" title=\"Accueil\" class=\"rev-slidebg tp-rs-img rs-lazyload\" data-lazyload=\"\/\/dev.groupe-tommasini.com\/construction\/wp-content\/uploads\/sites\/2\/2015\/12\/IMG_4816-e1520247161863.jpg\" data-no-retina>\n<!---->\t\t\t\t\t\t<\/rs-slide>\n\t\t\t\t\t\t<rs-slide style=\"position: absolute;\" data-key=\"rs-8\" data-title=\"Slide\" data-anim=\"ms:600;\" data-in=\"o:0;\" data-out=\"a:false;\">\n\t\t\t\t\t\t\t<img decoding=\"async\" src=\"\/\/dev.groupe-tommasini.com\/construction\/wp-content\/plugins\/revslider\/public\/assets\/assets\/dummy.png\" alt=\"\" title=\"Accueil\" class=\"rev-slidebg tp-rs-img rs-lazyload\" data-lazyload=\"\/\/dev.groupe-tommasini.com\/construction\/wp-content\/uploads\/sites\/2\/2015\/12\/cis-vieux-cond\u00e9.jpg\" data-no-retina>\n<!---->\t\t\t\t\t\t<\/rs-slide>\n\t\t\t\t\t\t<rs-slide style=\"position: absolute;\" data-key=\"rs-12\" data-title=\"Slide\" data-anim=\"ms:600;\" data-in=\"o:0;\" data-out=\"a:false;\">\n\t\t\t\t\t\t\t<img decoding=\"async\" src=\"\/\/dev.groupe-tommasini.com\/construction\/wp-content\/plugins\/revslider\/public\/assets\/assets\/dummy.png\" alt=\"\" title=\"Accueil\" class=\"rev-slidebg tp-rs-img rs-lazyload\" data-lazyload=\"\/\/dev.groupe-tommasini.com\/construction\/wp-content\/uploads\/sites\/2\/2015\/12\/Salle-de-Sports-Pierre-et-Marie-Curie-Aulnoye-Aymeries.jpg\" data-no-retina>\n<!---->\t\t\t\t\t\t<\/rs-slide>\n\t\t\t\t\t\t<rs-slide style=\"position: absolute;\" data-key=\"rs-15\" data-title=\"Slide\" data-anim=\"ms:600;\" data-in=\"o:0;\" data-out=\"a:false;\">\n\t\t\t\t\t\t\t<img decoding=\"async\" src=\"\/\/dev.groupe-tommasini.com\/construction\/wp-content\/plugins\/revslider\/public\/assets\/assets\/dummy.png\" alt=\"\" title=\"Accueil\" class=\"rev-slidebg tp-rs-img rs-lazyload\" data-lazyload=\"\/\/dev.groupe-tommasini.com\/construction\/wp-content\/uploads\/sites\/2\/2015\/12\/Y_07092-.jpg\" data-no-retina>\n<!---->\t\t\t\t\t\t<\/rs-slide>\n\t\t\t\t\t\t<rs-slide style=\"position: absolute;\" data-key=\"rs-10\" data-title=\"Slide\" data-anim=\"ms:600;\" data-in=\"o:0;\" data-out=\"a:false;\">\n\t\t\t\t\t\t\t<img decoding=\"async\" src=\"\/\/dev.groupe-tommasini.com\/construction\/wp-content\/plugins\/revslider\/public\/assets\/assets\/dummy.png\" alt=\"\" title=\"Accueil\" class=\"rev-slidebg tp-rs-img rs-lazyload\" data-lazyload=\"\/\/dev.groupe-tommasini.com\/construction\/wp-content\/uploads\/sites\/2\/2015\/12\/IMAG0632.jpg\" data-no-retina>\n<!---->\t\t\t\t\t\t<\/rs-slide>\n\t\t\t\t\t\t<rs-slide style=\"position: absolute;\" data-key=\"rs-11\" data-title=\"Slide\" data-anim=\"ms:600;\" data-in=\"o:0;\" data-out=\"a:false;\">\n\t\t\t\t\t\t\t<img decoding=\"async\" src=\"\/\/dev.groupe-tommasini.com\/construction\/wp-content\/plugins\/revslider\/public\/assets\/assets\/dummy.png\" alt=\"\" title=\"Accueil\" class=\"rev-slidebg tp-rs-img rs-lazyload\" data-lazyload=\"\/\/dev.groupe-tommasini.com\/construction\/wp-content\/uploads\/sites\/2\/2016\/01\/PB280322.jpg\" data-no-retina>\n<!---->\t\t\t\t\t\t<\/rs-slide>\n\t\t\t\t\t\t<rs-slide style=\"position: absolute;\" data-key=\"rs-14\" data-title=\"Slide\" data-anim=\"ms:600;\" data-in=\"o:0;\" data-out=\"a:false;\">\n\t\t\t\t\t\t\t<img decoding=\"async\" src=\"\/\/dev.groupe-tommasini.com\/construction\/wp-content\/plugins\/revslider\/public\/assets\/assets\/dummy.png\" alt=\"\" title=\"Accueil\" class=\"rev-slidebg tp-rs-img rs-lazyload\" data-lazyload=\"\/\/dev.groupe-tommasini.com\/construction\/wp-content\/uploads\/sites\/2\/2016\/01\/MAM.jpg\" data-no-retina>\n<!---->\t\t\t\t\t\t<\/rs-slide>\n\t\t\t\t\t\t<rs-slide style=\"position: absolute;\" data-key=\"rs-13\" data-title=\"Slide\" data-anim=\"ms:600;\" data-in=\"o:0;\" data-out=\"a:false;\">\n\t\t\t\t\t\t\t<img decoding=\"async\" src=\"\/\/dev.groupe-tommasini.com\/construction\/wp-content\/plugins\/revslider\/public\/assets\/assets\/dummy.png\" alt=\"\" title=\"Accueil\" class=\"rev-slidebg tp-rs-img rs-lazyload\" data-lazyload=\"\/\/dev.groupe-tommasini.com\/construction\/wp-content\/uploads\/sites\/2\/2015\/12\/CROUS-Lille.jpg\" data-no-retina>\n<!---->\t\t\t\t\t\t<\/rs-slide>\n\t\t\t\t\t\t<rs-slide style=\"position: absolute;\" data-key=\"rs-16\" data-title=\"Slide\" data-anim=\"ms:600;\" data-in=\"o:0;\" data-out=\"a:false;\">\n\t\t\t\t\t\t\t<img decoding=\"async\" src=\"\/\/dev.groupe-tommasini.com\/construction\/wp-content\/plugins\/revslider\/public\/assets\/assets\/dummy.png\" alt=\"\" title=\"Accueil\" class=\"rev-slidebg tp-rs-img rs-lazyload\" data-lazyload=\"\/\/dev.groupe-tommasini.com\/construction\/wp-content\/uploads\/sites\/2\/2016\/02\/1coll\u00e8ge-Alphonse-Terroir.jpg\" data-no-retina>\n<!---->\t\t\t\t\t\t<\/rs-slide>\n\t\t\t\t\t\t<rs-slide style=\"position: absolute;\" data-key=\"rs-17\" data-title=\"Slide\" data-anim=\"ms:600;\" data-in=\"o:0;\" data-out=\"a:false;\">\n\t\t\t\t\t\t\t<img decoding=\"async\" src=\"\/\/dev.groupe-tommasini.com\/construction\/wp-content\/plugins\/revslider\/public\/assets\/assets\/dummy.png\" alt=\"\" title=\"Accueil\" class=\"rev-slidebg tp-rs-img rs-lazyload\" data-lazyload=\"\/\/dev.groupe-tommasini.com\/construction\/wp-content\/uploads\/sites\/2\/2015\/12\/Station-\u00e9puration-Aulnoye-Aymeries.jpg\" data-no-retina>\n<!---->\t\t\t\t\t\t<\/rs-slide>\n\t\t\t\t\t<\/rs-slides>\n\t\t\t\t<\/rs-module>\n\t\t\t\t<script>\n\t\t\t\t\tsetREVStartSize({c: 'rev_slider_1_1',rl:[1240,1024,778,480],el:[],gw:[1170],gh:[500],type:'standard',justify:'',layout:'fullwidth',mh:\"500\"});if (window.RS_MODULES!==undefined && window.RS_MODULES.modules!==undefined && window.RS_MODULES.modules[\"revslider11\"]!==undefined) {window.RS_MODULES.modules[\"revslider11\"].once = false;window.revapi1 = undefined;if (window.RS_MODULES.checkMinimal!==undefined) window.RS_MODULES.checkMinimal()}\n\t\t\t\t<\/script>\n\t\t\t<\/rs-module-wrap>\n\t\t\t<!-- END REVOLUTION SLIDER -->\n[\/vc_column][\/vc_row][vc_row class=\u00a0\u00bblist-services\u00a0\u00bb][vc_column width=\u00a0\u00bb1\/3&Prime;][vc_single_image image=\u00a0\u00bb48&Prime; img_size=\u00a0\u00bb360&#215;128&Prime; onclick=\u00a0\u00bbcustom_link\u00a0\u00bb link=\u00a0\u00bbhttp:\/\/dev.groupe-tommasini.com\/construction\/gros-oeuvre-et-entreprise-generale\/\u00a0\u00bb][vc_column_text]<a href=\"http:\/\/dev.groupe-tommasini.com\/construction\/gros-oeuvre-et-entreprise-generale\/\">GROS \u0152UVRE ET ENTREPRISE G\u00c9N\u00c9RALE<\/a>[\/vc_column_text][\/vc_column][vc_column width=\u00a0\u00bb1\/3&Prime;][vc_single_image image=\u00a0\u00bb605&Prime; img_size=\u00a0\u00bb360&#215;128&Prime; onclick=\u00a0\u00bbcustom_link\u00a0\u00bb link=\u00a0\u00bbhttp:\/\/dev.groupe-tommasini.com\/construction\/travaux-et-services\/industrie\/\u00a0\u00bb][vc_column_text]<a href=\"http:\/\/dev.groupe-tommasini.com\/construction\/travaux-et-services\/industrie\/\">TRAVAUX ET SERVICES<\/a>[\/vc_column_text][\/vc_column][vc_column width=\u00a0\u00bb1\/3&Prime;][vc_single_image image=\u00a0\u00bb555&Prime; img_size=\u00a0\u00bb360&#215;128&Prime; onclick=\u00a0\u00bbcustom_link\u00a0\u00bb link=\u00a0\u00bbhttp:\/\/dev.groupe-tommasini.com\/construction\/desamiantage\/calorifuge\/\u00a0\u00bb][vc_column_text]<a href=\"http:\/\/dev.groupe-tommasini.com\/construction\/desamiantage\/calorifuge\/\">D\u00c9SAMIANTAGE<\/a>[\/vc_column_text][\/vc_column][\/vc_row][vc_row class=\u00a0\u00bblist-services2&Prime;][vc_column width=\u00a0\u00bb1\/3&Prime;][vc_single_image image=\u00a0\u00bb593&Prime; img_size=\u00a0\u00bb360&#215;128&Prime; onclick=\u00a0\u00bbcustom_link\u00a0\u00bb link=\u00a0\u00bbhttp:\/\/dev.groupe-tommasini.com\/construction\/bardage\/Bois\/\u00a0\u00bb][vc_column_text]<a href=\"http:\/\/dev.groupe-tommasini.com\/construction\/bardage\/Bois\/\">BARDAGE<\/a>[\/vc_column_text][\/vc_column][vc_column width=\u00a0\u00bb1\/3&Prime;][vc_single_image image=\u00a0\u00bb591&Prime; img_size=\u00a0\u00bb360&#215;128&Prime; onclick=\u00a0\u00bbcustom_link\u00a0\u00bb link=\u00a0\u00bbhttp:\/\/dev.groupe-tommasini.com\/construction\/rehabilitation\/\u00a0\u00bb][vc_column_text]<a href=\"http:\/\/dev.groupe-tommasini.com\/construction\/rehabilitation\/\">R\u00c9HABILITATION<\/a>[\/vc_column_text][\/vc_column][vc_column width=\u00a0\u00bb1\/3&Prime;][\/vc_column][\/vc_row][vc_row][vc_column width=\u00a0\u00bb2\/3&Prime;]\n\t<div class=\"custom-heading wpb_content_element \">\n\t\t<h2 class=\"heading-title\"  style=\"color: #4b4b4d;\">NOS R\u00c9F\u00c9RENCES<\/h2>\n\t\t<span class=\"heading-line \"style=\"background-color: #e31b21\"><\/span>\n\t<\/div>[vc_tta_tabs][vc_tta_section title=\u00a0\u00bbD\u00e9samiantage\u00a0\u00bb tab_id=\u00a0\u00bb1460388211842-2d1a979e-3cd3&Prime;][vc_column_text]<\/p>\n<ul>\n<li>Marcq-en-Baroeul &#8211; D\u00e9samiantage avant d\u00e9molition de 5 b\u00e2timents sur le site NEU<\/li>\n<li>Lille &#8211; Restructuration de la coque Carrefour Euralille &#8211; D\u00e9pose et d\u00e9samiantage des tuyauteries<\/li>\n<li>Valenciennes &#8211; Usine Magnesita &#8211; D\u00e9pose et \u00e9vacuation de t\u00f4les fibro-ciment<\/li>\n<li>Marcq-en-Baroeul &#8211; Ancienne usine Goossens &#8211; D\u00e9pose de couverture en fibro-ciment<\/li>\n<\/ul>\n<p>[\/vc_column_text][\/vc_tta_section][vc_tta_section title=\u00a0\u00bbBardage\u00a0\u00bb tab_id=\u00a0\u00bb1460388212256-4d3ad828-f438&Prime;][vc_column_text]<\/p>\n<ul>\n<li>Le Quesnoy &#8211; Coll\u00e8ge Eug\u00e8ne Thomas &#8211; Bardage Rockpanel et Fundermax<\/li>\n<li>Villeneuve d&rsquo;Ascq &#8211; Centre de Traitement et d&rsquo;Alerte &#8211; Bardage Red Cedar<\/li>\n<li>Steenvoorde &#8211; E.H.P.A.D. &#8211; Bardage Trespa sur 1250 m2<\/li>\n<li>Bondues &#8211; 77 logements &#8211; Bardage bois en m\u00e9l\u00e8ze pr\u00e9-gris\u00e9 sur 2700 m2<\/li>\n<li>Saint-Andr\u00e9-Lez-Lille &#8211; 129 logements &#8211; Bardage type Naturalis et Red Cedar en Claire Voie<\/li>\n<\/ul>\n<p>[\/vc_column_text][\/vc_tta_section][vc_tta_section title=\u00a0\u00bbB\u00e9ton Matric\u00e9\u00a0\u00bb tab_id=\u00a0\u00bb1460448520640-a1d5e5a5-4c26&Prime;][vc_column_text]<\/p>\n<ul>\n<li>Fromelles &#8211; Mus\u00e9e de la bataille de Fromelles &#8211; GOE<\/li>\n<li>Hautmont &#8211; Centre Commercial &#8211; GO<\/li>\n<li>Lille &#8211; Restaurant Universitaire C.R.O.U.S. &#8211; GOE<\/li>\n<li>Villeneuve d&rsquo;Ascq &#8211; Mus\u00e9e d&rsquo;Art Moderne &#8211; TCE<\/li>\n<\/ul>\n<p>[\/vc_column_text][\/vc_tta_section][vc_tta_section title=\u00a0\u00bbHQE &amp; BBC\u00a0\u00bb tab_id=\u00a0\u00bb1460448679246-c7435d62-4a1f\u00a0\u00bb][vc_column_text]<\/p>\n<ul>\n<li>Saint-Andr\u00e9-Lez-Lille &#8211; Parc Ste H\u00e9l\u00e8ne &#8211; 117 logements neufs BBC &#8211; TCE<\/li>\n<li>Villeneuve d&rsquo;Ascq &#8211; Coll\u00e8ge L\u00e9on Blum &#8211; Chantier BBC &amp; HQE &#8211; GOE<\/li>\n<li>Haubourdin &#8211; 33 logements collectifs &#8211; BBC EFFINERGIE &#8211; TCE<\/li>\n<li>Maubeuge &#8211; UTPAS &#8211; Chantier HQE &#8211; GOE<\/li>\n<\/ul>\n<p>[\/vc_column_text][\/vc_tta_section][\/vc_tta_tabs][\/vc_column][vc_column width=\u00a0\u00bb1\/3&Prime;]\n\t<div class=\"custom-heading wpb_content_element \">\n\t\t<h2 class=\"heading-title\"  style=\"color: #4b4b4d;\">CERTIFICATIONS<\/h2>\n\t\t<span class=\"heading-line \"style=\"background-color: #e31b21\"><\/span>\n\t<\/div>[vc_column_text]<a href=\"http:\/\/dev.groupe-tommasini.com\/construction\/presentation\/certifications\/\">\u00a0 <img loading=\"lazy\" decoding=\"async\" class=\"alignnone size-full wp-image-75\" src=\"\/wp-content\/uploads\/sites\/2\/2015\/12\/qualibat.jpg\" alt=\"qualibat\" width=\"115\" height=\"115\" \/>\u00a0 <img loading=\"lazy\" decoding=\"async\" class=\"alignnone size-full wp-image-74\" src=\"\/wp-content\/uploads\/sites\/2\/2015\/12\/garantrge.jpg\" alt=\"garantrge\" width=\"115\" height=\"115\" \/><\/a>[\/vc_column_text][\/vc_column][\/vc_row][vc_row row_id=\u00a0\u00bblast-project-construction\u00a0\u00bb bg_color=\u00a0\u00bb#4b4b4d\u00a0\u00bb][vc_column]\n\t<div class=\"custom-heading wpb_content_element  text-center\">\n\t\t<h2 class=\"heading-title\"  style=\"color: #ffffff;\">NOS DERNIERS PROJETS<\/h2>\n\t\t<span class=\"heading-line \"style=\"background-color: #e31b21\"><\/span>\n\t<\/div>[vc_basic_grid post_type=\u00a0\u00bbpost\u00a0\u00bb max_items=\u00a0\u00bb8&Prime; element_width=\u00a0\u00bb3&Prime; item=\u00a0\u00bbmediaGrid_SimpleOverlay\u00a0\u00bb grid_id=\u00a0\u00bbvc_gid:1665407275896-bd4e43e1-67a4-0&Prime; taxonomies=\u00a0\u00bb16&Prime;][\/vc_column][\/vc_row][vc_row][vc_column]\n\t<div class=\"custom-heading wpb_content_element \">\n\t\t<h2 class=\"heading-title\"  style=\"color: #4b4b4d;\">DERNI\u00c8RES ACTUALIT\u00c9S<\/h2>\n\t\t<span class=\"heading-line \"style=\"background-color: #e31b21\"><\/span>\n\t<\/div>[vc_basic_grid post_type=\u00a0\u00bbpost\u00a0\u00bb max_items=\u00a0\u00bb3&Prime; item=\u00a0\u00bbmasonryGrid_Default\u00a0\u00bb grid_id=\u00a0\u00bbvc_gid:1665407275897-b64f1ce8-4ae3-5&Prime; taxonomies=\u00a0\u00bb10&Prime; el_class=\u00a0\u00bbactus-accueil\u00a0\u00bb][\/vc_column][\/vc_row]<\/p>\n","protected":false},"excerpt":{"rendered":"<p>[vc_row row_type=\u00a0\u00bbrow_fullwidth_content\u00a0\u00bb][vc_column][\/vc_column][\/vc_row][vc_row class=\u00a0\u00bblist-services\u00a0\u00bb][vc_column width=\u00a0\u00bb1\/3&Prime;][vc_single_image image=\u00a0\u00bb48&Prime; img_size=\u00a0\u00bb360&#215;128&Prime; onclick=\u00a0\u00bbcustom_link\u00a0\u00bb link=\u00a0\u00bbhttp:\/\/dev.groupe-tommasini.com\/construction\/gros-oeuvre-et-entreprise-generale\/\u00a0\u00bb][vc_column_text]GROS \u0152UVRE ET ENTREPRISE G\u00c9N\u00c9RALE[\/vc_column_text][\/vc_column][vc_column width=\u00a0\u00bb1\/3&Prime;][vc_single_image image=\u00a0\u00bb605&Prime; img_size=\u00a0\u00bb360&#215;128&Prime; onclick=\u00a0\u00bbcustom_link\u00a0\u00bb link=\u00a0\u00bbhttp:\/\/dev.groupe-tommasini.com\/construction\/travaux-et-services\/industrie\/\u00a0\u00bb][vc_column_text]TRAVAUX ET SERVICES[\/vc_column_text][\/vc_column][vc_column width=\u00a0\u00bb1\/3&Prime;][vc_single_image image=\u00a0\u00bb555&Prime; &#8230;<\/p>\n","protected":false},"author":1,"featured_media":0,"parent":0,"menu_order":0,"comment_status":"closed","ping_status":"closed","template":"","meta":{"footnotes":""},"_links":{"self":[{"href":"https:\/\/dev.groupe-tommasini.com\/construction\/wp-json\/wp\/v2\/pages\/5"}],"collection":[{"href":"https:\/\/dev.groupe-tommasini.com\/construction\/wp-json\/wp\/v2\/pages"}],"about":[{"href":"https:\/\/dev.groupe-tommasini.com\/construction\/wp-json\/wp\/v2\/types\/page"}],"author":[{"embeddable":true,"href":"https:\/\/dev.groupe-tommasini.com\/construction\/wp-json\/wp\/v2\/users\/1"}],"replies":[{"embeddable":true,"href":"https:\/\/dev.groupe-tommasini.com\/construction\/wp-json\/wp\/v2\/comments?post=5"}],"version-history":[{"count":86,"href":"https:\/\/dev.groupe-tommasini.com\/construction\/wp-json\/wp\/v2\/pages\/5\/revisions"}],"predecessor-version":[{"id":1366,"href":"https:\/\/dev.groupe-tommasini.com\/construction\/wp-json\/wp\/v2\/pages\/5\/revisions\/1366"}],"wp:attachment":[{"href":"https:\/\/dev.groupe-tommasini.com\/construction\/wp-json\/wp\/v2\/media?parent=5"}],"curies":[{"name":"wp","href":"https:\/\/api.w.org\/{rel}","templated":true}]}}