{"id":111,"date":"2016-01-05T14:54:14","date_gmt":"2016-01-05T13:54:14","guid":{"rendered":"http:\/\/tommasini.microproxy.fr\/menuiserie\/?page_id=111"},"modified":"2017-03-01T17:54:51","modified_gmt":"2017-03-01T16:54:51","slug":"bloc-porte","status":"publish","type":"page","link":"https:\/\/dev.groupe-tommasini.com\/menuiserie\/menuiseries-interieures\/bloc-porte\/","title":{"rendered":"Bloc porte"},"content":{"rendered":"<p>[vc_row][vc_column][vc_column_text css_animation=\u00a0\u00bbtop-to-bottom\u00a0\u00bb]L&rsquo;un de nos secteurs d&rsquo;activit\u00e9s de pr\u00e9dilection est la pose de blocs portes techniques comme les portes coupe-feu, les portes\u00a0\u00ab\u00a0DAS\u00a0\u00bb, les portes acoustiques, les portes plomb\u00e9es &#8230; Notre exp\u00e9rience nous permet de pouvoir r\u00e9aliser des chantiers tr\u00e8s techniques\u00a0tels que des h\u00f4pitaux, des coll\u00e8ges, des cr\u00e8ches ou tous autres \u00e9tablissements recevant du public.[\/vc_column_text][\/vc_column][\/vc_row][vc_row][vc_column][vc_separator][\/vc_column][\/vc_row][vc_row][vc_column]\n\t<div class=\"custom-heading wpb_content_element \">\n\t\t<h2 class=\"heading-title\" >POLE FEMME MERE ENFANT ROUBAIX<\/h2>\n\t<\/div>[\/vc_column][\/vc_row][vc_row][vc_column width=\u00a0\u00bb1\/2&Prime;][vc_column_text]Le centre hospitalier de Roubaix \u00ab\u00a0accouche\u00a0\u00bb d&rsquo;un p\u00f4le\u00a0Femme &#8211;\u00a0M\u00e8re &#8211; Enfant flambant neuf.<\/p>\n<p>R\u00e9alis\u00e9 pas SOGEA-CARONI, ils nous ont confi\u00e9s le lot menuiserie int\u00e9rieure qui repr\u00e9sente plus de 700 portes, une centaine ch\u00e2ssis avec et sans store int\u00e9gr\u00e9, et plus de 200 fa\u00e7ades de gaines techniques et trappes de visite pour un chiffre d&rsquo;affaire d&rsquo;environ d&rsquo;un million d&rsquo;euros.<\/p>\n<p>Ce projet comporte aussi des \u00e9l\u00e9ments tr\u00e8s technique, comme des blocs portes DAS EI90 dans des cloisons l\u00e9g\u00e8res, des ch\u00e2ssis vitr\u00e9s EI90 et des trappes de visites EI120.<\/p>\n<p>Fort de notre exp\u00e9rience, nous avons su men\u00e9 \u00e0 bien ce projet en respectant le d\u00e9lais contractuel.<\/p>\n<p>Nous vous laissons d\u00e9couvrir ce chantier en image &#8230;[\/vc_column_text][\/vc_column][vc_column width=\u00a0\u00bb1\/2&Prime;][vc_single_image image=\u00a0\u00bb541&Prime; img_size=\u00a0\u00bbMEDIUM\u00a0\u00bb alignment=\u00a0\u00bbcenter\u00a0\u00bb onclick=\u00a0\u00bblink_image\u00a0\u00bb][\/vc_column][\/vc_row][vc_row][vc_column][vc_separator border_width=\u00a0\u00bb5&Prime;][\/vc_column][\/vc_row][vc_row][vc_column width=\u00a0\u00bb1\/2&Prime;][vc_column_text]L&rsquo;h\u00f4tel de Police de LILLE. Plus de 650 blocs portes, dont certains noy\u00e9s dans l&rsquo;habillage mural.[\/vc_column_text][vc_single_image image=\u00a0\u00bb383&Prime; img_size=\u00a0\u00bbmedium\u00a0\u00bb onclick=\u00a0\u00bblink_image\u00a0\u00bb][\/vc_column][vc_column width=\u00a0\u00bb1\/2&Prime;][vc_single_image image=\u00a0\u00bb382&Prime; img_size=\u00a0\u00bbmedium\u00a0\u00bb onclick=\u00a0\u00bblink_image\u00a0\u00bb][\/vc_column][\/vc_row][vc_row][vc_column][vc_separator border_width=\u00a0\u00bb5&Prime;][\/vc_column][\/vc_row][vc_row][vc_column width=\u00a0\u00bb1\/2&Prime;][vc_column_text]Ecole \u00ab\u00a0Lamartine et Blanche Neige\u00a0\u00bb \u00e0 MAUBEUGE[\/vc_column_text][vc_single_image image=\u00a0\u00bb385&Prime; img_size=\u00a0\u00bbmedium\u00a0\u00bb onclick=\u00a0\u00bblink_image\u00a0\u00bb][\/vc_column][vc_column width=\u00a0\u00bb1\/2&Prime;][vc_column_text]Maison de retraire \u00ab\u00a0La Colombi\u00e8re\u00a0\u00bb \u00e0 MAROILLES[\/vc_column_text][vc_single_image image=\u00a0\u00bb386&Prime; img_size=\u00a0\u00bbmedium\u00a0\u00bb onclick=\u00a0\u00bblink_image\u00a0\u00bb][\/vc_column][\/vc_row][vc_row][vc_column][vc_separator border_width=\u00a0\u00bb5&Prime;][\/vc_column][\/vc_row][vc_row][vc_column width=\u00a0\u00bb1\/2&Prime;][vc_column_text]Polyclinique \u00ab\u00a0les Dentelli\u00e8res\u00a0\u00bb \u00e0 VALENCIENNES[\/vc_column_text][vc_single_image image=\u00a0\u00bb413&Prime; img_size=\u00a0\u00bbmedium\u00a0\u00bb onclick=\u00a0\u00bblink_image\u00a0\u00bb][\/vc_column][vc_column width=\u00a0\u00bb1\/2&Prime;][vc_column_text]Laboratoire m\u00e9dical du centre hospitalier de ROUBAIX[\/vc_column_text][vc_single_image image=\u00a0\u00bb415&Prime; img_size=\u00a0\u00bbmedium\u00a0\u00bb onclick=\u00a0\u00bblink_image\u00a0\u00bb][vc_single_image image=\u00a0\u00bb417&Prime; img_size=\u00a0\u00bbmedium\u00a0\u00bb onclick=\u00a0\u00bblink_image\u00a0\u00bb][\/vc_column][\/vc_row]<\/p>\n","protected":false},"excerpt":{"rendered":"<p>[vc_row][vc_column][vc_column_text css_animation=\u00a0\u00bbtop-to-bottom\u00a0\u00bb]L&rsquo;un de nos secteurs d&rsquo;activit\u00e9s de pr\u00e9dilection est la pose de blocs portes techniques comme les portes coupe-feu, les portes\u00a0\u00ab\u00a0DAS\u00a0\u00bb, &#8230;<\/p>\n","protected":false},"author":1,"featured_media":0,"parent":11,"menu_order":0,"comment_status":"closed","ping_status":"closed","template":"","meta":{"footnotes":""},"_links":{"self":[{"href":"https:\/\/dev.groupe-tommasini.com\/menuiserie\/wp-json\/wp\/v2\/pages\/111"}],"collection":[{"href":"https:\/\/dev.groupe-tommasini.com\/menuiserie\/wp-json\/wp\/v2\/pages"}],"about":[{"href":"https:\/\/dev.groupe-tommasini.com\/menuiserie\/wp-json\/wp\/v2\/types\/page"}],"author":[{"embeddable":true,"href":"https:\/\/dev.groupe-tommasini.com\/menuiserie\/wp-json\/wp\/v2\/users\/1"}],"replies":[{"embeddable":true,"href":"https:\/\/dev.groupe-tommasini.com\/menuiserie\/wp-json\/wp\/v2\/comments?post=111"}],"version-history":[{"count":33,"href":"https:\/\/dev.groupe-tommasini.com\/menuiserie\/wp-json\/wp\/v2\/pages\/111\/revisions"}],"predecessor-version":[{"id":633,"href":"https:\/\/dev.groupe-tommasini.com\/menuiserie\/wp-json\/wp\/v2\/pages\/111\/revisions\/633"}],"up":[{"embeddable":true,"href":"https:\/\/dev.groupe-tommasini.com\/menuiserie\/wp-json\/wp\/v2\/pages\/11"}],"wp:attachment":[{"href":"https:\/\/dev.groupe-tommasini.com\/menuiserie\/wp-json\/wp\/v2\/media?parent=111"}],"curies":[{"name":"wp","href":"https:\/\/api.w.org\/{rel}","templated":true}]}}