{"id":113,"date":"2016-01-05T14:55:11","date_gmt":"2016-01-05T13:55:11","guid":{"rendered":"http:\/\/tommasini.microproxy.fr\/menuiserie\/?page_id=113"},"modified":"2017-03-01T17:25:52","modified_gmt":"2017-03-01T16:25:52","slug":"habillage-mural","status":"publish","type":"page","link":"https:\/\/dev.groupe-tommasini.com\/menuiserie\/menuiseries-interieures\/habillage-mural\/","title":{"rendered":"Habillage mural"},"content":{"rendered":"<p>[vc_row][vc_column width=\u00a0\u00bb1\/2&Prime;][vc_column_text css_animation=\u00a0\u00bbtop-to-bottom\u00a0\u00bb]<\/p>\n<ul>\n<li>TOMMASINI MENUISERIE est friand de ce type d&rsquo;ouvrage, l&rsquo;habillage mural, en plus des bienfaits acoustiques,\u00a0met\u00a0tr\u00e8s clairement en valeur les espaces int\u00e9rieurs. Que ce soit en panneaux agglom\u00e9r\u00e9s stratifi\u00e9s ou en panneaux compacts, \u00e7a permet tr\u00e8s souvent de cr\u00e9er une ambiance calme et sereine.<\/li>\n<li>Notre atelier de production nous permet\u00a0une fabrication\u00a0sur mesure avec pr\u00e9cision, ce qui est vraiment notre force\u00a0dans ce domaine d&rsquo;application.<\/li>\n<\/ul>\n<p>[\/vc_column_text][\/vc_column][vc_column width=\u00a0\u00bb1\/2&Prime;][vc_single_image image=\u00a0\u00bb225&Prime; img_size=\u00a0\u00bbfull\u00a0\u00bb onclick=\u00a0\u00bblink_image\u00a0\u00bb][vc_column_text el_class=\u00a0\u00bbtitle-dessus title-dessous\u00a0\u00bb]<\/p>\n<p style=\"text-align: left;\">Palais de justice &#8211; AVESNES-SUR-HELPE<\/p>\n<p>[\/vc_column_text][\/vc_column][vc_column][vc_separator border_width=\u00a0\u00bb5&Prime;][\/vc_column][\/vc_row][vc_row][vc_column width=\u00a0\u00bb1\/2&Prime;][vc_single_image image=\u00a0\u00bb420&Prime; img_size=\u00a0\u00bbfull\u00a0\u00bb onclick=\u00a0\u00bblink_image\u00a0\u00bb][vc_column_text]L&rsquo;accueil de TOMMASINI CONSTRUCTION[\/vc_column_text][\/vc_column][vc_column width=\u00a0\u00bb1\/2&Prime;][vc_single_image image=\u00a0\u00bb224&Prime; img_size=\u00a0\u00bbfull\u00a0\u00bb onclick=\u00a0\u00bblink_image\u00a0\u00bb][vc_column_text el_class=\u00a0\u00bbtitle-dessus title-dessous\u00a0\u00bb]<\/p>\n<p style=\"text-align: left;\">Espace Melayer &#8211; CAUDRY<\/p>\n<p>[\/vc_column_text][\/vc_column][vc_column][vc_separator border_width=\u00a0\u00bb5&Prime;][\/vc_column][\/vc_row][vc_row][vc_column width=\u00a0\u00bb1\/2&Prime;][vc_single_image image=\u00a0\u00bb442&Prime; img_size=\u00a0\u00bbfull\u00a0\u00bb onclick=\u00a0\u00bblink_image\u00a0\u00bb][vc_column_text]Coll\u00e8ge Alphonse Terroir &#8211; MARLY[\/vc_column_text][\/vc_column][vc_column width=\u00a0\u00bb1\/2&Prime;][vc_single_image image=\u00a0\u00bb443&Prime; img_size=\u00a0\u00bbfull\u00a0\u00bb onclick=\u00a0\u00bblink_image\u00a0\u00bb][\/vc_column][vc_column][vc_separator border_width=\u00a0\u00bb5&Prime;][\/vc_column][\/vc_row][vc_row][vc_column width=\u00a0\u00bb1\/2&Prime;][vc_single_image image=\u00a0\u00bb427&Prime; img_size=\u00a0\u00bbfull\u00a0\u00bb onclick=\u00a0\u00bblink_image\u00a0\u00bb][vc_column_text]Poste de commandement de L&rsquo;h\u00f4tel de police &#8211; LILLE[\/vc_column_text][\/vc_column][vc_column width=\u00a0\u00bb1\/2&Prime;][vc_single_image image=\u00a0\u00bb226&Prime; img_size=\u00a0\u00bbfull\u00a0\u00bb onclick=\u00a0\u00bblink_image\u00a0\u00bb][vc_column_text el_class=\u00a0\u00bbtitle-dessous \u00ab\u00a0]<\/p>\n<p style=\"text-align: left;\">Lyc\u00e9e Jesse de for\u00eat &#8211; AVESNES-SUR-HELPE<\/p>\n<p>[\/vc_column_text][\/vc_column][vc_column][vc_separator border_width=\u00a0\u00bb5&Prime;][\/vc_column][\/vc_row][vc_row][vc_column width=\u00a0\u00bb1\/2&Prime;][vc_single_image image=\u00a0\u00bb227&Prime; img_size=\u00a0\u00bbfull\u00a0\u00bb onclick=\u00a0\u00bblink_image\u00a0\u00bb][vc_column_text]Locaux de la soci\u00e9t\u00e9 Servais &#8211; MAUBEUGE[\/vc_column_text][\/vc_column][vc_column width=\u00a0\u00bb1\/2&Prime;][vc_single_image image=\u00a0\u00bb228&Prime; img_size=\u00a0\u00bbfull\u00a0\u00bb onclick=\u00a0\u00bblink_image\u00a0\u00bb][vc_column_text el_class=\u00a0\u00bbtitle-dessous title-dessus\u00a0\u00bb]<\/p>\n<p style=\"text-align: left;\">VAL M\u00e9tropole &#8211; VALENCIENNES<\/p>\n<p>[\/vc_column_text][\/vc_column][\/vc_row]<\/p>\n","protected":false},"excerpt":{"rendered":"<p>[vc_row][vc_column width=\u00a0\u00bb1\/2&Prime;][vc_column_text css_animation=\u00a0\u00bbtop-to-bottom\u00a0\u00bb] TOMMASINI MENUISERIE est friand de ce type d&rsquo;ouvrage, l&rsquo;habillage mural, en plus des bienfaits acoustiques,\u00a0met\u00a0tr\u00e8s clairement en valeur &#8230;<\/p>\n","protected":false},"author":1,"featured_media":0,"parent":11,"menu_order":0,"comment_status":"closed","ping_status":"closed","template":"","meta":{"footnotes":""},"_links":{"self":[{"href":"https:\/\/dev.groupe-tommasini.com\/menuiserie\/wp-json\/wp\/v2\/pages\/113"}],"collection":[{"href":"https:\/\/dev.groupe-tommasini.com\/menuiserie\/wp-json\/wp\/v2\/pages"}],"about":[{"href":"https:\/\/dev.groupe-tommasini.com\/menuiserie\/wp-json\/wp\/v2\/types\/page"}],"author":[{"embeddable":true,"href":"https:\/\/dev.groupe-tommasini.com\/menuiserie\/wp-json\/wp\/v2\/users\/1"}],"replies":[{"embeddable":true,"href":"https:\/\/dev.groupe-tommasini.com\/menuiserie\/wp-json\/wp\/v2\/comments?post=113"}],"version-history":[{"count":26,"href":"https:\/\/dev.groupe-tommasini.com\/menuiserie\/wp-json\/wp\/v2\/pages\/113\/revisions"}],"predecessor-version":[{"id":627,"href":"https:\/\/dev.groupe-tommasini.com\/menuiserie\/wp-json\/wp\/v2\/pages\/113\/revisions\/627"}],"up":[{"embeddable":true,"href":"https:\/\/dev.groupe-tommasini.com\/menuiserie\/wp-json\/wp\/v2\/pages\/11"}],"wp:attachment":[{"href":"https:\/\/dev.groupe-tommasini.com\/menuiserie\/wp-json\/wp\/v2\/media?parent=113"}],"curies":[{"name":"wp","href":"https:\/\/api.w.org\/{rel}","templated":true}]}}